01000
12001012111201 (base 3) to base 13
72b344
What is -16403503 (base 8) in base 11?
-2168235
-159154 (base 11) to base 2
-111100001010001111
Convert 1037972 (base 10) to base 3.
1221201211102
11110000100111100 (base 2) to base 9
206884
-2220222200 (base 3) to base 12
-293a6
What is -33900c (base 13) in base 16?
-129b13
Convert -600873 (base 10) to base 13.
-180660
What is 32676 (base 9) in base 14?
7c9a
Convert -639214 (base 13) to base 7.
-25556260
Convert 101111100111111 (base 2) to base 16.
5f3f
11000110010000101 (base 2) to base 15
20124
What is -167a523 (base 12) in base 3?
-22201211211200
What is -243560641 (base 7) in base 9?
-31662021
Convert 222342230 (base 5) to base 3.
1211211121010
Convert 20103204 (base 7) to base 8.
6264000
Convert -67dcc (base 16) to base 3.
-210121120022
What is 4743667 (base 11) in base 6?
453223125
-10441335 (base 6) to base 12
-13324b
1205221523 (base 6) to base 7
224231634
What is a0ce2 (base 15) in base 3?
221212102212
-18acd8 (base 14) to base 9
-1573411
Convert 23334440 (base 5) to base 2.
110100011111010011
What is 775aaa (base 15) in base 10?
5689285
Convert -11464235 (base 7) to base 4.
-3322011002
Convert -1010110010110100101 (base 2) to base 10.
-353701
22140344 (base 5) to base 14
505ba
Convert -1243423 (base 8) to base 5.
-42032000
3501035 (base 7) to base 11
279652
What is -88836 (base 9) in base 4?
-32121321
What is -113132321000 (base 4) in base 12?
-208a4a8
What is 443254030 (base 6) in base 2?
11110100001011001000010
What is 15132120 (base 10) in base 3?
1001110210100220
What is 61c245 (base 13) in base 11?
131a346
20010122022002 (base 3) to base 9
6118262
What is -16ee02 (base 16) in base 15?
-1ea3b7
Convert 3284a9 (base 11) to base 14.
d8bc2
What is -241763 (base 9) in base 11?
-9a510
Convert 12320002 (base 4) to base 2.
110111000000010
43114225 (base 6) to base 10
1269737
-1108833 (base 9) to base 3
-1010022221010
What is -122684 (base 11) in base 4?
-233110111
Convert 46614 (base 10) to base 8.
133026
28ec1 (base 16) to base 12
81001
-3444012 (base 6) to base 12
-86608
What is 7a582 (base 11) in base 10?
116492
Convert -13342024 (base 5) to base 8.
-413663
-20b913 (base 13) to base 11
-485256
-450270 (base 9) to base 7
-2200626
What is -265164 (base 8) in base 6?
-1553324
What is -565791 (base 10) in base 2?
-10001010001000011111
aa305 (base 11) to base 4
213011120
Convert 5ab4 (base 13) to base 16.
3216
Convert 2421443 (base 5) to base 13.
17798
181bc1a (base 14) to base 13
2609b75
What is 100011111111101000 (base 2) in base 8?
437750
Convert -2111325 (base 6) to base 9.
-165818
-c314c (base 15) to base 12
-259716
Convert 30252445 (base 8) to base 9.
13002043
Convert -5715711 (base 10) to base 12.
-1ab7853
Convert -183881 (base 10) to base 14.
-4b025
What is -1559181 (base 11) in base 14?
-4d429c
-20141434 (base 5) to base 12
-7999b
253775 (base 12) to base 9
1125448
What is -fc60d (base 16) in base 11?
-646735
What is -3243877 (base 13) in base 6?
-1304523014
What is -1022012121121 (base 3) in base 6?
-22504154
What is -6514b2 (base 14) in base 12?
-1190898
Convert -15751b (base 12) to base 4.
-1121030213
What is -b8c5a (base 14) in base 4?
-1231013300
What is 313a83 (base 11) in base 4?
1322310300
What is 13436321 (base 7) in base 16?
131f15
What is -18c3d (base 15) in base 4?
-103213333
What is 322030121233 (base 4) in base 6?
1302545411
Convert -730222 (base 8) to base 15.
-4b9aa
Convert -1022022222222 (base 3) to base 5.
-134223330
What is 1145552 (base 6) in base 8?
166754
421211333 (base 5) to base 2
110101001001010011100
Convert -11230033 (base 4) to base 2.
-101101100001111
What is 7723106 (base 8) in base 14?
3bdc7c
10031331031 (base 4) to base 6
35411101
-38431a (base 12) to base 15
-1327ba
What is 30012132201 (base 4) in base 7?
35651364
5c961 (base 16) to base 10
379233
Convert -50385 (base 9) to base 8.
-100545
What is -7262200 (base 8) in base 12?
-78a8a8
Convert -142977 (base 16) to base 9.
-2433470
What is -2021010011 (base 3) in base 7?
-243616
Convert -850483 (base 14) to base 2.
-10001001001100011010011
What is -1a1e6 (base 16) in base 9?
-172668
Convert -10b62b (base 14) to base 2.
-10001010111110000111
Convert 403260 (base 9) to base 12.
b60b3
What is 44301 (base 10) in base 7?
243105
Convert 571537 (base 10) to base 8.
2134221
Convert -124556 (base 10) to base 3.
-20022212012
236454 (base 9) to base 4
202303000
What is -210153 (base 11) in base 5?
-41240142
-100011001001111011 (base 2) to base 16
-2327b
What is 28a29 (base 11) in base 16?
a0d3
-1a2144 (base 11) to base 16
-4bc14
Convert -32103a8 (base 13) to base 7.
-243433053
What is -a9 (base 13) in base 4?
-2023
-12230332 (base 4) to base 14
-a010
What is -2325662 (base 9) in base 12?
-507762
What is -102001210 (base 4) in base 14?
-1cc96
-10b3e (base 15) to base 6
-1050035
What is 10ecae0 (base 15) in base 14?
1881099
-11345030 (base 6) to base 4
-1112331222
1140534 (base 7) to base 15
2cb70
What is 10001000110100111 (base 2) in base 12?
3465b
-89a62 (base 11) to base 2
-11111110101010001
2470794 (base 10) to base 4
21123032022
What is -10000101111011111001 (base 2) in base 15?
-ac836
What is -104236323 (base 7) in base 16?
-5fcd24
Convert 322422 (base 8) to base 16.
1a512
557512 (base 12) to base 16
14c31e
Convert 63492 (base 14) to base 13.
850cb
What is 34431212 (base 5) in base 4?
1030002020
Convert -d9ce36 (base 15) to base 4.
-213210002001
What is 9caa5 (base 13) in base 4?
1011220312
Convert -10110000111010010 (base 2) to base 16.
-161d2
Convert -370316 (base 12) to base 5.
-212021343
2233122110 (base 4) to base 6
23222152
What is -233000222003 (base 4) in base 12?
-416376b
-100101111001001010 (base 2) to base 15
-30ec5
-24b415 (base 14) to base 15
-19d64e
Convert 4025482 (base 9) to base 14.
3dad45
Convert -1c27625 (base 14) to base 16.
-d6daa1
What is -1573850 (base 9) in base 5?
-211003433
735681 (base 9) to base 14
b54aa
-1461423 (base 9) to base 5
-201324302
What is 312423 (base 11) in base 13?
14703a
What is 28784 (base 15) in base 3?
20121020221
What is 23b61 (base 15) in base 10?
113941
What is 200326 (base 9) in base 8?
347135
What is -104433201 (base 6) in base 12?
-778801
1174b73 (base 13) to base 4
110220200002
What is -2065432 (base 7) in base 4?
-331123312
1c3a8 (base 13) to base 6
1105134
Convert 10120210102 (base 3) to base 10.
70562
What is -187238 (base 9) in base 11?
-7a866
Convert -2757601 (base 8) to base 14.
-1637d7
What is -10531115 (base 6) in base 9?
-542022
What is 1511444 (base 6) in base 14?
23b00
-442413 (base 8) to base 13
-52921
-123214533 (base 6) to base 14
-465969
Convert 541b04 (base 13) to base 4.
13202013301
Convert -53134114 (base 6) to base 11.
-970231
Convert 14043414143 (base 5) to base 15.
1898ced
What is -341210214 (base 5) in base 7?
-15544252
What is -13043300 (base 6) in base 4?
-1213331310
What is 15888 (base 11) in base 13?
a240
101101100000101000 (base 2) to base 4
231200220
2b86a (base 12) to base 11
42404
What is -20110110121002 (base 3) in base 5?
-1334342044
Convert -4125044 (base 8) to base 4.
-10022220210
-413d6c (base 14) to base 10
-2200588
164ab0 (base 12) to base 15
7818c
2686406 (base 10) to base 8
12176706
-590105 (base 12) to base 10
-1430933
What is -111110001001100100100 (base 2) in base 4?
-13301030210
-3246236 (base 7) to base 4
-1201100030
-10601342 (base 7) to base 16
-e1ce9
What is -2102203311 (base 4) in base 3?
-1010111110200
101032102 (base 4) to base 6
1302334
2120100021211 (base 3) to base 13
38a343
Convert 1033465 (base 10) to base 8.
3742371
bd04b (base 15) to base 2
10010010101011110101
Convert 42365636 (base 7) to base 15.
4b08a8
Convert -772741 (base 9) to base 6.
-13515444
-46353 (base 13) to base 3
-20111120210
What is 100001001100101 (base 2) in base 7?
100361
What is -766362 (base 8) in base 10?
-257266
Convert 5468 (base 16) to base 10.
21608
What is 11000101110001010 (base 2) in base 14?
28c8a
Convert 2122220220022 (base 3) to base 6.
50201525
Convert -101343130 (base 7) to base 13.
-1301410
-5871ab (base 13) to base 12
-853796
What is 132a69 (base 13) in base 11?
296a73
What is -1020102011101 (base 3) in base 2?
-10100000100100001100
What is -113613140 (base 7) in base 11?
-3a82548
What is -14402434 (base 5) in 